61584713 a composite number?
True
Is 721452593 a composite number?
False
Is 4054740463 a prime number?
True
Is 461660669 prime?
False
Is 1404321637 a composite number?
True
Is 106357093385 a composite number?
True
Is 32798840905 prime?
False
Is 148767127627 a composite number?
False
Is 3927228689 a composite number?
True
Is 1319705143 composite?
True
Is 12847577051 a composite number?
True
Is 2860009546 prime?
False
Is 98121538285 prime?
False
Is 5927530699 prime?
True
Is 2824259 composite?
False
Is 548884993 composite?
True
Is 104705920471 a composite number?
False
Is 3179869463 prime?
True
Is 3004226345 a prime number?
False
Is 760889797 a prime number?
True
Is 324057737 composite?
False
Is 46879703039 a composite number?
True
Is 1570053643 a composite number?
False
Is 48464463 prime?
False
Is 7653776435 a composite number?
True
Is 9806887399 composite?
True
Is 45234941 a composite number?
False
Is 463701599 a composite number?
True
Is 22103131259 a composite number?
True
Is 2905916009 a composite number?
True
Is 2460927247 a prime number?
True
Is 28037000867 a composite number?
False
Is 158721349169 composite?
False
Is 2649474155 prime?
False
Is 1499394643 a composite number?
False
Is 23549767883 prime?
True
Is 43368463787 prime?
False
Is 42268744447 a composite number?
True
Is 1425383101 a prime number?
False
Is 104331467 composite?
False
Is 2748498611 prime?
False
Is 13317975661 a composite number?
True
Is 3636135002 prime?
False
Is 17158881071 a composite number?
False
Is 4835736881 prime?
False
Is 95190619591 composite?
False
Is 1554840673 a prime number?
False
Is 236437666711 a prime number?
True
Is 657942719 a composite number?
True
Is 51382481 a prime number?
True
Is 240231533 composite?
True
Is 685792001 composite?
False
Is 29242789 a prime number?
False
Is 17510890499 a prime number?
True
Is 1646906609 a composite number?
True
Is 212862166337 a prime number?
True
Is 19221491777 composite?
False
Is 1524856577 prime?
False
Is 50701090937 composite?
True
Is 19166402027 a composite number?
False
Is 41892864193 a composite number?
True
Is 1242156673 a composite number?
True
Is 209299294 composite?
True
Is 1852071523 prime?
True
Is 115061010401 a composite number?
True
Is 861708401 a composite number?
True
Is 1089456733 a prime number?
False
Is 66925083521 a prime number?
True
Is 2170106759 a prime number?
True
Is 1566432647 prime?
False
Is 2937223933 prime?
False
Is 21392323201 prime?
False
Is 8859727601 prime?
False
Is 1857191 a prime number?
False
Is 15121379627 a prime number?
True
Is 604647011 prime?
False
Is 9361665211 a composite number?
False
Is 60456136957 a prime number?
True
Is 609819533 a composite number?
True
Is 4197733561 a prime number?
False
Is 6590386433 a composite number?
False
Is 801291497 prime?
True
Is 11017285733 a composite number?
False
Is 40446249 a prime number?
False
Is 2860271429 a composite number?
True
Is 2587175141 composite?
True
Is 4193319617 a prime number?
False
Is 1894623697 a prime number?
True
Is 868631861 prime?
False
Is 1020669421 a prime number?
True
Is 45172867969 a composite number?
True
Is 3591346853 a prime number?
False
Is 4182068823 prime?
False
Is 814427963 composite?
True
Is 13728400267 a prime number?
False
Is 1167093019 prime?
False
Is 25540349 a prime number?
True
Is 990263531 a composite number?
False
Is 3821036827 composite?
False
Is 11709787409 a composite number?
False
Is 4357149409 prime?
False
Is 1162845559 a composite number?
False
Is 519753007 prime?
False
Is 1794409399 composite?
False
Is 24967921963 a composite number?
False
Is 26349709531 a prime number?
True
Is 19806588181 a prime number?
True
Is 19992365005 prime?
False
Is 122036209 prime?
False
Is 111011795 a composite number?
True
Is 5962991201 a prime number?
False
Is 622642613 composite?
True
Is 47032096201 a composite number?
False
Is 63899277929 composite?
True
Is 35583505673 a prime number?
False
Is 100470989 prime?
False
Is 3018472463 a composite number?
True
Is 200180597 composite?
True
Is 213637733 prime?
True
Is 4630578257 a prime number?
True
Is 178727789 composite?
False
Is 16279995421 prime?
True
Is 1027695701 a composite number?
True
Is 110518847939 prime?
False
Is 129526687 composite?
True
Is 8258325539 composite?
True
Is 21690461561 composite?
False
Is 97304791 a prime number?
True
Is 529544677 composite?
True
Is 142853699 prime?
True
Is 10617672841 composite?
False
Is 441550535 a composite number?
True
Is 659299297 prime?
False
Is 2280750161 a composite number?
True
Is 2544592151 a composite number?
False
Is 419270281 composite?
True
Is 137488748729 a prime number?
False
Is 6464538937 a composite number?
True
Is 2364353 a composite number?
False
Is 203995313 prime?
False
Is 247021631 prime?
False
Is 1092132643 prime?
False
Is 215675557 a composite number?
False
Is 19092859807 a prime number?
False
Is 76208609 a composite number?
True
Is 185824499 prime?
False
Is 3828821111 a prime number?
True
Is 1096641547 a composite number?
False
Is 4581594529 composite?
False
Is 411363907 a composite number?
False
Is 10367577587 composite?
True
Is 51673345 composite?
True
Is 301199159 composite?
True
Is 331948079191 prime?
True
Is 2817705181 composite?
False
Is 7297861141 prime?
False
Is 15178016057 prime?
True
Is 1450887 a composite number?
True
Is 6059608501 prime?
True
Is 5889336527 a prime number?
False
Is 511278169 a composite number?
False
Is 52040151473 a composite number?
True
Is 72221119937 composite?
False
Is 1627628199 composite?
True
Is 817727366 a prime number?
False
Is 639447709 a composite number?
True
Is 1464686831 prime?
False
Is 864238261 a prime number?
False
Is 4053159569 prime?
False
Is 592998761 a composite number?
True
Is 896532011 a prime number?
True
Is 786030577 a prime number?
False
Is 34529683183 composite?
False
Is 91667084359 composite?
True
Is 52632805447 composite?
False
Is 19410303851 a composite number?
False
Is 15149982643 prime?
True
Is 772401853 composite?
False
Is 37703992801 a composite number?
True
Is 2306642951 composite?
False
Is 6931074622 prime?
False
Is 1301919559 a composite number?
False
Is 12238207019 prime?
True
Is 1582808179 prime?
True
Is 504392803 a prime number?
True
Is 28929871 a prime number?
False
Is 4902022817 a composite number?
False
Is 3483854849 prime?
False
Is 4250760653 a composite number?
False
Is 6899385889 composite?
True
Is 3363403163 prime?
True
Is 119154151 composite?
False
Is 60192751327 a prime number?
True
Is 1707443519 prime?
True
Is 569899121 composite?
True
Is 74582831 a composite number?
False
Is 3054353017 composite?
False
Is 47373054019 a composite number?
True
Is 3177340147 composite?
True
Is 4793055341 composite?
False
Is 67278899 composite?
False
Is 91025836387 prime?
True
Is 44088396631 composite?
True
Is 10068770603 prime?
False
Is 7306481489 a prime number?
True
Is 605531513 a composite number?
True
Is 122389365421 a composite number?
True
Is 22247293 prime?
False
Is 103285306667 prime?
True
Is 74511313 a prime number?
True
Is 19529902779 a composite number?
True
Is 212303495 a prime number?
False
Is 54209494537 prime?
False
Is 379396762 a composite number?
True
Is 4320709993 composite?
False
Is 444670579519 a prime number?
True
Is 2517013339 a composite number?
False
Is 47256533 a prime number?
True
Is 33021048553 a composite number?
False
Is 25301194679 prime?
True
Is 345281941 a prime number?
True
Is 67021193263 a prime number?
True
Is 88939676129 composite?
True
Is 6100427981 a composite number?
True
Is 1350918461 a prime number?
True
Is 4476792169 prime?
False
Is 26398382399 composite?
False
Is 1047320101 prime?
True
Is 1130487371 a prime number?
False
Is 22943128739 a composite number?
True
Is 17812566521 composite?
False
Is 21542851901 a prime number?
False
Is 4575983723 a composite number?
True
Is 16434463 prime?
True
Is 31171810027 a prime number?
False
Is 17233102123 a prime number?
True
Is 57823092391 composite?
False
Is 3013668247 composite?
True
Is 1767942899 prime?
True
Is 4135678189 composite?
False
Is 9126791077 a prime number?
True
Is 2963409931 prime?
False
Is 576837211 a composite number?
False
Is 44369256563 composite?
False
Is 478790549 a composite number?
False
Is 9320011247 a composite number?
False
Is 1384